{"id":269,"date":"2021-03-31T10:33:14","date_gmt":"2021-03-31T13:33:14","guid":{"rendered":"http:\/\/bionatura.com.ar\/?page_id=269"},"modified":"2021-03-31T10:36:18","modified_gmt":"2021-03-31T13:36:18","slug":"bionatura-srl","status":"publish","type":"page","link":"https:\/\/bionatura.com.ar\/bionat\/bionatura-srl\/","title":{"rendered":"Bionatura SRL"},"content":{"rendered":"<div id=\"pl-269\"  class=\"panel-layout\" ><div id=\"pg-269-0\"  class=\"panel-grid panel-no-style\" ><div id=\"pgc-269-0-0\"  class=\"panel-grid-cell\" ><div id=\"panel-269-0-0-0\" class=\"so-panel widget widget_sow-editor panel-first-child panel-last-child\" data-index=\"0\" ><div\n\t\t\t\n\t\t\tclass=\"so-widget-sow-editor so-widget-sow-editor-base\"\n\t\t\t\n\t\t>\n<div class=\"siteorigin-widget-tinymce textwidget\">\n\t<p>Nuestra actividad se funda en la estrecha uni\u00f3n entre la salud del ser humano y la del medio ambiente. Desde tiempos remotos, el hombre y las plantas viven en \u00edntima relaci\u00f3n, juntos fueron evolucionando y desarrollando sistemas complejos bajo la influencia del mismo contexto. Por esta raz\u00f3n, las plantas medicinales son en la actualidad el remedio ideal para la salud y el bienestar del ser humano.<\/p>\n<p>Nuestro objetivo principal es brindar, en el marco del cuidado natural de la salud, el acceso a productos innovadores y de calidad a todas las personas. De tal manera, podemos promover h\u00e1bitos saludables y mejorar la calidad de vida.<\/p>\n<p>Para lograr esta misi\u00f3n proveemos a los consumidores actuales, efectivos suplementos dietarios naturales procesados bajo altos est\u00e1ndares de calidad. Bajo la marca Araloe comercializamos suplementos dietarios, mieles especiales con funciones medicinales y otros productos naturales y org\u00e1nicos.<\/p>\n<\/div>\n<\/div><\/div><\/div><div id=\"pgc-269-0-1\"  class=\"panel-grid-cell\" ><div id=\"panel-269-0-1-0\" class=\"so-panel widget widget_sow-slider panel-first-child panel-last-child\" data-index=\"1\" ><div\n\t\t\t\n\t\t\tclass=\"so-widget-sow-slider so-widget-sow-slider-default-6d39609536fd-269\"\n\t\t\t\n\t\t>\t\t\t\t<div class=\"sow-slider-base\" style=\"display: none\" tabindex=\"0\">\n\t\t\t\t\t<ul\n\t\t\t\t\tclass=\"sow-slider-images\"\n\t\t\t\t\tdata-settings=\"{&quot;pagination&quot;:true,&quot;speed&quot;:200,&quot;timeout&quot;:1000,&quot;paused&quot;:false,&quot;pause_on_hover&quot;:false,&quot;swipe&quot;:true,&quot;nav_always_show_desktop&quot;:&quot;&quot;,&quot;nav_always_show_mobile&quot;:&quot;&quot;,&quot;breakpoint&quot;:&quot;780px&quot;,&quot;unmute&quot;:false,&quot;anchor&quot;:null}\"\n\t\t\t\t\t\t\t\t\t\tdata-anchor-id=\"\"\n\t\t\t\t>\t\t<li class=\"sow-slider-image\" style=\"visibility: visible;\" >\n\t\t\t\t\t\t<div class=\"sow-slider-image-container\">\n\t\t\t\t<div class=\"sow-slider-image-wrapper\" style=\"max-width: 400px\">\n\t\t\t\t\t\t\t\t\t\t<div class=\"sow-slider-image-foreground-wrapper\">\n\t\t\t\t\t\t<img loading=\"lazy\" decoding=\"async\" width=\"400\" height=\"311\" src=\"https:\/\/bionatura.com.ar\/bionat\/wp-content\/uploads\/2021\/03\/columna1.jpg\" class=\"sow-slider-foreground-image\" alt=\"\" style=\"\" srcset=\"https:\/\/bionatura.com.ar\/bionat\/wp-content\/uploads\/2021\/03\/columna1.jpg 400w, https:\/\/bionatura.com.ar\/bionat\/wp-content\/uploads\/2021\/03\/columna1-300x233.jpg 300w, https:\/\/bionatura.com.ar\/bionat\/wp-content\/uploads\/2021\/03\/columna1-150x117.jpg 150w\" sizes=\"(max-width: 400px) 100vw, 400px\" \/>\t\t\t\t\t<\/div>\n\t\t\t\t\t\t\t\t\t<\/div>\n\t\t\t<\/div>\n\t\t\t\t\t<\/li>\n\t\t\t\t<li class=\"sow-slider-image\" style=\"visibility: hidden;\" >\n\t\t\t\t\t\t<div class=\"sow-slider-image-container\">\n\t\t\t\t<div class=\"sow-slider-image-wrapper\" style=\"max-width: 400px\">\n\t\t\t\t\t\t\t\t\t\t<div class=\"sow-slider-image-foreground-wrapper\">\n\t\t\t\t\t\t<img loading=\"lazy\" decoding=\"async\" width=\"400\" height=\"311\" src=\"https:\/\/bionatura.com.ar\/bionat\/wp-content\/uploads\/2021\/03\/columna5.jpg\" class=\"sow-slider-foreground-image\" alt=\"\" style=\"\" srcset=\"https:\/\/bionatura.com.ar\/bionat\/wp-content\/uploads\/2021\/03\/columna5.jpg 400w, https:\/\/bionatura.com.ar\/bionat\/wp-content\/uploads\/2021\/03\/columna5-300x233.jpg 300w, https:\/\/bionatura.com.ar\/bionat\/wp-content\/uploads\/2021\/03\/columna5-150x117.jpg 150w\" sizes=\"(max-width: 400px) 100vw, 400px\" \/>\t\t\t\t\t<\/div>\n\t\t\t\t\t\t\t\t\t<\/div>\n\t\t\t<\/div>\n\t\t\t\t\t<\/li>\n\t\t\t\t<li class=\"sow-slider-image\" style=\"visibility: hidden;\" >\n\t\t\t\t\t\t<div class=\"sow-slider-image-container\">\n\t\t\t\t<div class=\"sow-slider-image-wrapper\" style=\"max-width: 400px\">\n\t\t\t\t\t\t\t\t\t\t<div class=\"sow-slider-image-foreground-wrapper\">\n\t\t\t\t\t\t<img loading=\"lazy\" decoding=\"async\" width=\"400\" height=\"311\" src=\"https:\/\/bionatura.com.ar\/bionat\/wp-content\/uploads\/2021\/03\/columna2.jpg\" class=\"sow-slider-foreground-image\" alt=\"\" style=\"\" srcset=\"https:\/\/bionatura.com.ar\/bionat\/wp-content\/uploads\/2021\/03\/columna2.jpg 400w, https:\/\/bionatura.com.ar\/bionat\/wp-content\/uploads\/2021\/03\/columna2-300x233.jpg 300w, https:\/\/bionatura.com.ar\/bionat\/wp-content\/uploads\/2021\/03\/columna2-150x117.jpg 150w\" sizes=\"(max-width: 400px) 100vw, 400px\" \/>\t\t\t\t\t<\/div>\n\t\t\t\t\t\t\t\t\t<\/div>\n\t\t\t<\/div>\n\t\t\t\t\t<\/li>\n\t\t\t\t<li class=\"sow-slider-image\" style=\"visibility: hidden;\" >\n\t\t\t\t\t\t<div class=\"sow-slider-image-container\">\n\t\t\t\t<div class=\"sow-slider-image-wrapper\" style=\"max-width: 400px\">\n\t\t\t\t\t\t\t\t\t\t<div class=\"sow-slider-image-foreground-wrapper\">\n\t\t\t\t\t\t<img loading=\"lazy\" decoding=\"async\" width=\"400\" height=\"311\" src=\"https:\/\/bionatura.com.ar\/bionat\/wp-content\/uploads\/2021\/03\/columna4.jpg\" class=\"sow-slider-foreground-image\" alt=\"\" style=\"\" srcset=\"https:\/\/bionatura.com.ar\/bionat\/wp-content\/uploads\/2021\/03\/columna4.jpg 400w, https:\/\/bionatura.com.ar\/bionat\/wp-content\/uploads\/2021\/03\/columna4-300x233.jpg 300w, https:\/\/bionatura.com.ar\/bionat\/wp-content\/uploads\/2021\/03\/columna4-150x117.jpg 150w\" sizes=\"(max-width: 400px) 100vw, 400px\" \/>\t\t\t\t\t<\/div>\n\t\t\t\t\t\t\t\t\t<\/div>\n\t\t\t<\/div>\n\t\t\t\t\t<\/li>\n\t\t<\/ul>\t\t\t\t<ol class=\"sow-slider-pagination\">\n\t\t\t\t\t\t\t\t\t\t\t<li><a href=\"#\" data-goto=\"0\" aria-label=\"Display slide 1\"><\/a><\/li>\n\t\t\t\t\t\t\t\t\t\t\t<li><a href=\"#\" data-goto=\"1\" aria-label=\"Display slide 2\"><\/a><\/li>\n\t\t\t\t\t\t\t\t\t\t\t<li><a href=\"#\" data-goto=\"2\" aria-label=\"Display slide 3\"><\/a><\/li>\n\t\t\t\t\t\t\t\t\t\t\t<li><a href=\"#\" data-goto=\"3\" aria-label=\"Display slide 4\"><\/a><\/li>\n\t\t\t\t\t\t\t\t\t<\/ol>\n\n\t\t\t\t<div class=\"sow-slide-nav sow-slide-nav-next\">\n\t\t\t\t\t<a href=\"#\" data-goto=\"next\" aria-label=\"Next slide\" data-action=\"next\">\n\t\t\t\t\t\t<em class=\"sow-sld-icon-thin-right\"><\/em>\n\t\t\t\t\t<\/a>\n\t\t\t\t<\/div>\n\n\t\t\t\t<div class=\"sow-slide-nav sow-slide-nav-prev\">\n\t\t\t\t\t<a href=\"#\" data-goto=\"previous\" aria-label=\"Previous slide\" data-action=\"prev\">\n\t\t\t\t\t\t<em class=\"sow-sld-icon-thin-left\"><\/em>\n\t\t\t\t\t<\/a>\n\t\t\t\t<\/div>\n\t\t\t\t<\/div><\/div><\/div><\/div><\/div><\/div>","protected":false},"excerpt":{"rendered":"<p>Nuestra actividad se funda en la estrecha uni\u00f3n entre la salud del ser humano y la del medio ambiente. Desde tiempos remotos, el hombre y las plantas viven en \u00edntima relaci\u00f3n, juntos fueron evolucionando y desarrollando sistemas complejos bajo la influencia del mismo contexto. Por esta raz\u00f3n, las plantas medicinales&#8230;<\/p>\n<p> <a class=\"continue-reading-link\" href=\"https:\/\/bionatura.com.ar\/bionat\/bionatura-srl\/\"><span>Continue reading<\/span><i class=\"crycon-right-dir\"><\/i><\/a> <\/p>\n","protected":false},"author":1,"featured_media":0,"parent":0,"menu_order":0,"comment_status":"closed","ping_status":"closed","template":"templates\/template-onecolumn.php","meta":{"footnotes":""},"_links":{"self":[{"href":"https:\/\/bionatura.com.ar\/bionat\/wp-json\/wp\/v2\/pages\/269"}],"collection":[{"href":"https:\/\/bionatura.com.ar\/bionat\/wp-json\/wp\/v2\/pages"}],"about":[{"href":"https:\/\/bionatura.com.ar\/bionat\/wp-json\/wp\/v2\/types\/page"}],"author":[{"embeddable":true,"href":"https:\/\/bionatura.com.ar\/bionat\/wp-json\/wp\/v2\/users\/1"}],"replies":[{"embeddable":true,"href":"https:\/\/bionatura.com.ar\/bionat\/wp-json\/wp\/v2\/comments?post=269"}],"version-history":[{"count":6,"href":"https:\/\/bionatura.com.ar\/bionat\/wp-json\/wp\/v2\/pages\/269\/revisions"}],"predecessor-version":[{"id":277,"href":"https:\/\/bionatura.com.ar\/bionat\/wp-json\/wp\/v2\/pages\/269\/revisions\/277"}],"wp:attachment":[{"href":"https:\/\/bionatura.com.ar\/bionat\/wp-json\/wp\/v2\/media?parent=269"}],"curies":[{"name":"wp","href":"https:\/\/api.w.org\/{rel}","templated":true}]}}